at is u(14)?
-32
Let n(p) = -p**3 + 4*p**2 - 3*p + 4. Calculate n(3).
4
Let q(k) = -k**2 + 3*k. Determine q(6).
-18
Let g(z) = z**3 + 8*z**2 - 8*z + 5. Give g(-9).
-4
Let s(o) = 2*o**2 - 26*o - 72. What is s(16)?
24
Let y(n) = -n**3 + n - 3. Calculate y(-2).
3
Let q(v) = v**2 - 13*v - 8. What is q(13)?
-8
Let s(k) = 2*k - 45. Determine s(29).
13
Let y(h) = -18*h**2 + 10*h - 9. Determine y(1).
-17
Let m(y) = -y**3 - 26*y**2 + 24*y - 79. Calculate m(-27).
2
Let p(y) = -y**2 - 15*y - 32. What is p(-13)?
-6
Let t(s) = s**3 - 12*s**2 + 20*s - 5. What is t(10)?
-5
Let a(m) = -3*m**3 - 5*m**2 + 31*m + 13. Give a(-4).
1
Let b(q) = 23*q + 18. Give b(-6).
-120
Let m(f) = -f**2 - 13*f + 131. Give m(7).
-9
Let a(w) = w**3 - 8*w**2 - 6*w + 6. Determine a(8).
-42
Let h(l) = 2*l - 21. What is h(7)?
-7
Let x(d) = -21*d - 34. What is x(6)?
-160
Let v(c) = -c**2 + 4*c + 12. Determine v(-8).
-84
Let g(a) = a**2 - a - 12. Give g(0).
-12
Let n(p) = -40*p + 1. Determine n(-1).
41
Let d(a) = 3*a. Determine d(-2).
-6
Let i(g) = -g**3 - 25*g**2 + 27*g + 26. What is i(-26)?
0
Let o(c) = c**3 - 20*c**2 + 2*c - 45. Calculate o(20).
-5
Let i(v) = -4*v + 57. Give i(19).
-19
Let h(v) = v**3 - 24*v**2 - 50*v + 62. What is h(26)?
114
Let z(q) = q**3 - 7*q**2 + 3*q - 14. What is z(7)?
7
Let b(g) = g**3 + 11*g**2 - 21*g - 8. What is b(-12)?
100
Let k(r) = r**3 + 20*r**2 + 35*r - 18. Determine k(-18).
0
Let k(c) = -32*c + 5. Determine k(1).
-27
Let h(n) = -n**3 - 4*n**2 + 7*n + 2. Give h(-6).
32
Let n(p) = p**2 - 2*p + 1. Calculate n(2).
1
Let l(x) = x**2 - 2*x - 3. Determine l(3).
0
Let x(l) = -l + 8. Calculate x(7).
1
Let t(k) = -3*k + 12. Give t(4).
0
Let u(z) = -z + 5. Calculate u(-9).
14
Let g(h) = -11*h - 69. Calculate g(-14).
85
Let h(d) = -d**2 + 6*d + 1. Determine h(8).
-15
Let s(r) = -2*r**2 + r - 2. Calculate s(3).
-17
Let j(h) = h**2 - 10*h - 37. Determine j(-3).
2
Let j(b) = -b**3 - 3*b**2 + 30*b + 75. Calculate j(-6).
3
Let x(f) = -6*f - 8. Give x(-6).
28
Let h(f) = -f**3 + f - 11. Determine h(0).
-11
Let x(j) = j + 15. Calculate x(-14).
1
Let b(o) = o + 2. Determine b(-6).
-4
Let s(z) = 3*z**2 + z - 5. Calculate s(-4).
39
Let y(c) = -c**2 + c - 3. Calculate y(-3).
-15
Let l(w) = -w**3 + 13*w**2 - 14*w + 14. What is l(12)?
-10
Let i(f) = 2*f**2 - 7*f - 1. Give i(4).
3
Let d(i) = -i**2 + 14*i - 18. Determine d(13).
-5
Let n(k) = k**3 - 14*k**2 - 11*k - 57. Determine n(15).
3
Let j(d) = d**3 - 7*d**2 + 7*d + 14. Calculate j(5).
-1
Let w(f) = f - 51. What is w(56)?
5
Let r(p) = p**3 - 4*p**2 - 9*p + 14. Determine r(6).
32
Let g(i) = -3*i**2 - 17*i - 16. What is g(-7)?
-44
Let t(r) = r**2 - 6*r + 4. Calculate t(3).
-5
Let p(j) = j**3 - 5*j**2 + 3*j + 4. Calculate p(3).
-5
Let v(h) = -2*h**3 + 14*h**2 - 14*h + 9. Give v(6).
-3
Let v(o) = -8*o**2 + 42*o - 4. What is v(5)?
6
Let h(f) = -19*f**2 + 3*f. Calculate h(1).
-16
Let v(k) = k**3 - 4*k**2 + 7*k - 29. What is v(4)?
-1
Let u(x) = -3*x + 69. Calculate u(15).
24
Let c(y) = -y**3 + 2*y**2 + 12*y - 9. What is c(4)?
7
Let z(h) = h**2 + 6*h + 10. Determine z(-7).
17
Let i(v) = 35*v + 277. Give i(-8).
-3
Let j(r) = -r**2 + 21*r + 67. What is j(-3)?
-5
Let b(p) = 2*p**2 + 35*p + 28. Calculate b(-17).
11
Let b(t) = -5*t + 88. Determine b(16).
8
Let b(x) = x**3 - 21*x**2 - 38*x + 354. Determine b(22).
2
Let s(m) = m**2 - 6*m - 6. What is s(9)?
21
Let s(b) = 5*b + 3. Calculate s(-3).
-12
Let w(d) = -d**2 - 15*d + 102. Determine w(5).
2
Let w(y) = -y**2 + 16*y + 11. Give w(16).
11
Let u(b) = -b**2 + 6*b + 18. Give u(8).
2
Let s(x) = 11*x + 138. Calculate s(-14).
-16
Let a(v) = v**3 - 3*v**2 + 3*v - 4. What is a(3)?
5
Let y(k) = k**3 - 14*k**2 - k + 13. Calculate y(14).
-1
Let z(r) = -47*r - 3. Give z(-1).
44
Let q(i) = -i**2 - 3*i + 20. What is q(-7)?
-8
Let r(s) = s**2 - 49*s - 127. Give r(51).
-25
Let f(y) = y**2 - 18*y + 16. Calculate f(11).
-61
Let j(u) = -u**3 + 20*u**2 - 25*u + 12. What is j(19)?
-102
Let n(s) = -s**2 - 4*s + 22. Calculate n(-7).
1
Let v(i) = -i**2 - 13*i + 22. What is v(-8)?
62
Let p(y) = -8*y**2 - 2*y + 3. Calculate p(2).
-33
Let q(u) = u**2 + 13*u - 11. What is q(-14)?
3
Let w(r) = 10*r**2 + 3*r. Calculate w(4).
172
Let n(p) = p**2 - 32*p - 213. Determine n(38).
15
Let k(t) = t**2 + 24*t - 477. Give k(-37).
4
Let u(s) = -s**3 - 6*s**2 + 3*s + 10. Give u(-6).
-8
Let p(d) = d**3 + d**2 + 2. Determine p(0).
2
Let t(i) = i - 18. What is t(10)?
-8
Let o(a) = a**3 - 4*a**2 + 4*a - 8. Calculate o(4).
8
Let m(f) = -f**2 + 4. Give m(6).
-32
Let q(t) = -2*t**2 + 14. What is q(3)?
-4
Let u(q) = 7*q**3 + 2*q**2 - 4. What is u(-2)?
-52
Let o(k) = k**3 - 13*k**2 - 16*k + 25. Calculate o(14).
-3
Let v(d) = d - 4. Determine v(2).
-2
Let w(k) = k**3 + 18*k**2 + 32*k - 3. What is w(-16)?
-3
Let n(z) = -2*z**3 - 9*z**2 - 4*z + 5. Give n(-5).
50
Let h(v) = -4*v**3 - 39*v**2 + 9*v - 13. Calculate h(-10).
-3
Let w(p) = 10*p + 31. Determine w(-13).
-99
Let h(y) = y - 9. Determine h(0).
-9
Let y(q) = q**3 - 17*q**2 + 15*q + 20. Give y(16).
4
Let c(h) = -2*h + 37. Calculate c(19).
-1
Let v(c) = -13*c**2 - 2*c + 1. Calculate v(2).
-55
Let s(d) = d**3 - 11*d**2 + 2*d + 9. Determine s(11).
31
Let f(o) = -10*o**2 - 134*o - 14. What is f(-13)?
38
Let k(x) = x**3 + 11*x**2 - 4*x - 5. Give k(-11).
39
Let l(w) = 18*w**2 + 2*w + 2. What is l(-1)?
18
Let s(p) = -2*p**3 + 12*p**2 + 14*p - 15. Determine s(7).
-15
Let g(c) = c**2 - 19*c - 14. Give g(18).
-32
Let k(v) = v + 4. Give k(0).
4
Let t(x) = 4*x + 36. Give t(-7).
8
Let b(v) = 2*v**2 + 18*v - 24. Calculate b(-10).
-4
Let o(m) = m**3 - 3*m**2 - 5*m - 1. Determine o(4).
-5
Let f(l) = -l**3 + 29*l**2 + 29*l + 34. What is f(30)?
4
Let d(p) = 5*p**2 - 11*p - 28. What is d(-2)?
14
Let q(w) = 10*w**2 + 8*w. Determine q(-2).
24
Let v(b) = -2*b + 16. Calculate v(9).
-2
Let m(z) = z**2 + 13*z + 17. Calculate m(-12).
5
Let u(i) = -i**2 - 27*i - 42. Calculate u(-29).
-100
Let y(v) = -v**2 - 8*v. What is y(-8)?
0
Let g(v) = -11*v - 138. Determine g(-13).
5
Let k(o) = o + 5. What is k(0)?
5
Let w(c) = 4*c + 4. Calculate w(7).
32
Let k(b) = -10*b - 11. What is k(-3)?
19
Let z(t) = 29*t. Give z(-1).
-29
Let s(w) = 3*w**3 + 54*w**2 + 52*w + 14. Calculate s(-17).
-3
Let z(w) = 3*w**2 + 26*w + 14. Calculate z(-9).
23
Let z(b) = -2*b - 37. What is z(-17)?
-3
Let m(l) = -l**2 + 1. Give m(2).
-3
Let d(g) = -g**3 - 9*g**2 - 5*g + 8. Determine d(-8).
-16
Let v(j) = 4*j**2 - 10*j + 7. Calculate v(-3).
73
Let q(c) = c**3 + 3*c**2 - 6*c - 7. Determine q(-3).
11
Let g(j) = 5*j - 4. Calculate g(-5).
-29
Let o(l) = 3*l + 26. Determine o(-16).
-22
Let d(s) = s**2 + 3. Calculate d(-2).
7
Let i(d) = -d**2 - 7*d + 1. Calculate i(-7).
1
Let h(d) = -d**3 + 3*d**2 - 19*d. Give h(0).
0
Let h(f) = 14*f - 357. Calculate h(26).
7
Let k(x) = x - 6. Give k(-5).
-11
Let r(a) = -5*a**2 - 280*a - 8. Calculate r(-56).
-8
Let r(i) = -i**2 - 6*i - 8. Give r(-6).
-8
Let y(g) = g**3 - 27*g**2 - 25*g - 80. Give y(28).
4
Let l(a) = 19*a - 317. Calculate l(16).
-13
Let n(d) = d**3 + 9*d**2 + 7*d - 17. Give n(-8).
-9
Let g(w) = -6*w**2 - 53*w - 1. Give g(-9).
-10
Let y(j) = -j**2 + 24*j - 31. Give y(23).
-8
Let t(i) = -i**3 + 6*i**2 + 5*i - 3. What is t(7)?
-17
Let w(i) = -i**2 + 11*i. Calculate w(0).
0
Let u(h) = -2*h + 2. Give u(-2).
6
Let q(y) = 4*y**2 - 4*y + 1. Give q(-3).
49
Let t(k) = -k**3 + 7*k**2 - 10*k + 15. Give t(6).
-9
Let q(c) = 7*c - 1. What is q(-1)?
-8
Let o(x) = x**3 - 33*x**2 + 59*x + 78. What is o(31)?
-15
Let k(p) = p**3 + 9*p**2 - p - 9. What is k(-9)?
0
Let w(p) = -p**3 + 12*p**2 - 23*p + 3. Determine w(10).
-27
Let c(a) = a**3 - 16*a**2 + 28*a + 1. Calculate c(14).
1
Let o(g) = g**3 + 6*g**2 - 6*g - 2. What is o(-7)?
-9
Let r(k) = -k**2 - 10*k + 1. Calculate r(-6).
25
Let o(j) = -j**2 + 6*j + 33. Determine o(10).
-7
Let l(a) = 2*a**2 + 3*a - 4. What is l(-4)?
16
Let k(h) = -h**3 + 9*h**2 - h + 11. Calculate k(9).
2
Let o(s) = s - 2. Give o(5).
3
Let k(g) = g**2 + 22*g + 88. Give k(-6).
-8
Let o(l) = l**3 + 2*l**2 - 3*l - 3. Determine o(-2).
3
Let m(d) = d**2 + 9*d + 9. Determine m(-8).
1
Let f(a) = 5*a - 6. Give f(7).
29
Let k(w) = -2*w + 6. Determine k(0).
6
Let g(j) = -3*j - 33. Determine g(-14).
9
Let s(m) = m**3 + 5*m**2 - 6*m - 11. Calculate s(-5).
19
Let r(i) = i**2 - 14*i + 24. Give r(12).
0
Let b(m) 